{"id":862,"date":"2018-05-10T10:59:00","date_gmt":"2018-05-10T07:59:00","guid":{"rendered":"http:\/\/keenitsolutions.com\/products\/wordpress\/rsconstruction\/?page_id=862"},"modified":"2021-11-11T19:43:05","modified_gmt":"2021-11-11T16:43:05","slug":"kardelen-ekip","status":"publish","type":"page","link":"https:\/\/www.kardelencit.com\/index.php\/kardelen-ekip\/","title":{"rendered":"Kardelen Ekip"},"content":{"rendered":"<p>[vc_row el_id=&#8221;rs-member&#8221; css=&#8221;.vc_custom_1529481918426{padding-top: 100px !important;padding-bottom: 100px !important;}&#8221;][vc_column]<div class=\"rs-team\"><div class=\"team-gird\"><div class=\"col-md-12 col-sm-6 col-xs-12 team-style4\">\n\t\t\t\t\t\t\t<div class=\"inner\">\n\t\t\t\t\t\t\t\t<div class=\"row\">\n\t\t\t\t\t\t\t\t\t<div class=\"col-md-3 col-sm-6 col-xs-12\">\n\t\t\t\t\t\t\t\t\t\t<div class=\"team-img\">\n\t\t\t\t\t\t\t\t\t\t\t<a href=\"https:\/\/www.kardelencit.com\/index.php\/teams\/tuncer-kaya\/\"><img decoding=\"async\" src=\"https:\/\/i0.wp.com\/www.kardelencit.com\/wp-content\/uploads\/2021\/11\/footer.jpeg?fit=1600%2C1200&ssl=1\" alt=\"Tuncer Kaya\" \/><\/a>\n\t\t\t\t\t\t\t\t\t\t<\/div>\n\t\t\t\t\t\t\t\t\t<\/div>\n\t\t\t\t\t\t\t\t\t<div class=\"col-md-9 col-sm-6 col-xs-12\">\t\t\n\t\t\t\t\t\t\t\t\t\t<div class=\"team-content\">\n\t\t\t\t\t\t\t\t\t\t  <div class=\"display-table\">\n\t\t\t\t\t\t\t\t\t\t\t<div class=\"display-table-cell\">\n\t\t\t\t\t\t\t\t\t\t\t  <h3 class=\"team-name\"><a href=\"https:\/\/www.kardelencit.com\/index.php\/teams\/tuncer-kaya\/\">Tuncer Kaya<\/a><\/h3>\n\t\t\t\t\t\t\t\t\t\t\t  <span class=\"team-title\">Y\u00f6netici<\/span>\n\t\t\t\t\t\t\t\t\t\t\t  <p class=\"team-desc\">Kardelen Panel \u00c7it Sistemleri 2010 y\u0131l\u0131 itibari ile ismini markala\u015ft\u0131rm\u0131\u015f ve \u0130stanbul ve \u00c7evre \u0130llerde hizmet sekt\u00f6r\u00fcn\u00fcn aran\u0131lan bir kurulu\u015f halini alm\u0131\u015ft\u0131r. Hizmetlerinde ko\u015fulsuz m\u00fc\u015fteri memnuniyeti benimsemi\u015f olup, ger\u00e7ek garanti ve teknik destekle sekt\u00f6r\u00fcn g\u00fcvenini kazanm\u0131\u015ft\u0131r. Temsilcisi oldu\u011fu markalar\u0131 da b\u00f6lgenin hizmet pazar\u0131n\u0131n en bilinen ve aranan \u00fcr\u00fcnleri aras\u0131na yerle\u015ftirmi\u015ftir. Kardelen Panel \u00c7it Sistemleri kendisine temel ilke olarak benimsedi\u011fi d\u00fcr\u00fcst,...<\/p>\n\t\t\t\t\t\t\t\t\t\t\t<\/div>\n\t\t\t\t\t\t\t\t\t\t  <\/div>\n\t\t\t\t\t\t\t\t\t\t  \t<div class=\"team-social\">\t\t\t  \n\t\t\t\t\t\t\t\t\t\t  \t  <a href=\"https:\/\/www.facebook.com\/kardelen.cit\" class=\"social-icon\"><i class=\"fa fa-facebook\"><\/i><\/a> \n\t\t\t\t\t\t\t\t\t\t\t  <a href=\"https:\/\/business.google.com\/dashboard\/l\/12675233295576905555\" class=\"social-icon\"><i class=\"fa fa-google-plus\"><\/i><\/a> \n\t\t\t\t\t\t\t\t\t\t\t  <a href=\"https:\/\/twitter.com\/Tuncerkayaaa\" class=\"social-icon\"><i class=\"fa fa-twitter\"><\/i><\/a>\n\t\t\t\t\t\t\t\t\t\t\t  <a href=\"https:\/\/tr.linkedin.com\/in\/tuncer-kaya-02179544\" class=\"social-icon\"><i class=\"fa fa-pinterest-p\"><\/i><\/a>\t\t\t\n\t\t\t\t\t\t\t\t\t\t  \t<\/div>\n\t\t\t\t\t\t\t\t\t\t<\/div>\n\t\t\t\t\t\t\t\t\t<\/div>\t\n\t\t\t\t\t\t\t\t<\/div>\n\t\t\t\t\t\t\t<\/div>\n\t\t\t\t\t  <\/div>\t\t\n\t\t\t\t\t<\/div><\/div>[\/vc_column][\/vc_row]<\/p>\n","protected":false},"excerpt":{"rendered":"<p>[vc_row el_id=&#8221;rs-member&#8221; css=&#8221;.vc_custom_1529481918426{padding-top: 100px !important;padding-bottom: 100px !important;}&#8221;][vc_column][\/vc_column]&#8230;<\/p>\n","protected":false},"author":1,"featured_media":0,"parent":0,"menu_order":0,"comment_status":"open","ping_status":"closed","template":"","meta":{"ngg_post_thumbnail":0,"footnotes":""},"class_list":["post-862","page","type-page","status-publish","hentry"],"aioseo_notices":[],"jetpack-related-posts":[],"jetpack_sharing_enabled":true,"_links":{"self":[{"href":"https:\/\/www.kardelencit.com\/index.php\/wp-json\/wp\/v2\/pages\/862","targetHints":{"allow":["GET"]}}],"collection":[{"href":"https:\/\/www.kardelencit.com\/index.php\/wp-json\/wp\/v2\/pages"}],"about":[{"href":"https:\/\/www.kardelencit.com\/index.php\/wp-json\/wp\/v2\/types\/page"}],"author":[{"embeddable":true,"href":"https:\/\/www.kardelencit.com\/index.php\/wp-json\/wp\/v2\/users\/1"}],"replies":[{"embeddable":true,"href":"https:\/\/www.kardelencit.com\/index.php\/wp-json\/wp\/v2\/comments?post=862"}],"version-history":[{"count":2,"href":"https:\/\/www.kardelencit.com\/index.php\/wp-json\/wp\/v2\/pages\/862\/revisions"}],"predecessor-version":[{"id":4001,"href":"https:\/\/www.kardelencit.com\/index.php\/wp-json\/wp\/v2\/pages\/862\/revisions\/4001"}],"wp:attachment":[{"href":"https:\/\/www.kardelencit.com\/index.php\/wp-json\/wp\/v2\/media?parent=862"}],"curies":[{"name":"wp","href":"https:\/\/api.w.org\/{rel}","templated":true}]}}